13, 19, 563219
What are the prime factors of 130354197?
3, 127, 163, 2099
List the prime factors of 1558374928.
2, 11, 1753, 5051
List the prime factors of 3377171359.
19, 177745861
What are the prime factors of 26238409?
26238409
List the prime factors of 3313947587.
37, 647, 138433
What are the prime factors of 1068047863?
113, 9451751
What are the prime factors of 124738143?
3, 593, 70117
What are the prime factors of 133955812?
2, 33488953
List the prime factors of 57745562.
2, 7, 251, 16433
List the prime factors of 57549457.
7, 1511, 5441
List the prime factors of 2859495319.
17, 307, 547901
List the prime factors of 6543309698.
2, 23, 142245863
List the prime factors of 104796281.
104796281
What are the prime factors of 49419053?
31, 71, 22453
List the prime factors of 4587931271.
7, 11, 1291, 46153
List the prime factors of 390223358.
2, 7, 3981871
What are the prime factors of 235651954?
2, 43, 2740139
What are the prime factors of 1363974143?
7, 3976601
What are the prime factors of 133022971?
19, 29, 241421
What are the prime factors of 35920448?
2, 101, 5557
What are the prime factors of 68859798?
2, 3, 7, 234217
List the prime factors of 1485803337.
3, 495267779
List the prime factors of 105768395.
5, 149, 141971
List the prime factors of 4028123397.
3, 389, 1543, 2237
What are the prime factors of 36142615?
5, 7228523
What are the prime factors of 162886555?
5, 13, 31, 229, 353
What are the prime factors of 1846561?
1846561
List the prime factors of 3872693462.
2, 11, 191, 563, 1637
What are the prime factors of 2017703444?
2, 504425861
What are the prime factors of 273843105?
3, 5, 19, 37, 25969
What are the prime factors of 148599773?
7, 167, 317, 401
List the prime factors of 4437392985.
3, 5, 98608733
What are the prime factors of 43903012?
2, 337, 32569
List the prime factors of 21418533.
3, 793279
What are the prime factors of 131491835?
5, 829, 31723
List the prime factors of 3539588004.
2, 3, 32773963
What are the prime factors of 87670447?
87670447
List the prime factors of 47873527.
13, 41, 89819
What are the prime factors of 128072224?
2, 7, 571751
What are the prime factors of 43445933?
3461, 12553
What are the prime factors of 89744023?
89744023
List the prime factors of 107719213.
7, 769, 20011
List the prime factors of 39546968.
2, 137, 36083
What are the prime factors of 1251693328?
2, 78230833
List the prime factors of 61284525.
3, 5, 817127
What are the prime factors of 158421427?
3343, 47389
List the prime factors of 5535297250.
2, 5, 7, 41, 103, 107
What are the prime factors of 4407227563?
4407227563
What are the prime factors of 17330314?
2, 8665157
What are the prime factors of 40291433?
7, 13, 442763
List the prime factors of 347725386.
2, 3, 509, 4217
List the prime factors of 5208881671.
7, 31, 24004063
What are the prime factors of 92237632?
2, 29, 49697
What are the prime factors of 163248237?
3, 6046231
List the prime factors of 1158594512.
2, 8353, 8669
What are the prime factors of 62131162?
2, 31065581
List the prime factors of 98250982.
2, 101, 486391
List the prime factors of 43959697.
199, 220903
What are the prime factors of 1329527471?
1217, 1092463
List the prime factors of 37513059.
3, 12504353
List the prime factors of 600564.
2, 3, 50047
List the prime factors of 69217891.
6991, 9901
List the prime factors of 405455795.
5, 71, 1142129
What are the prime factors of 89968467?
3, 29989489
List the prime factors of 277321249.
173, 1603013
What are the prime factors of 2807580515?
5, 17, 601, 54959
List the prime factors of 409289341.
1867, 219223
What are the prime factors of 606449536?
2, 7, 11, 37, 1663
What are the prime factors of 21776255?
5, 211, 20641
List the prime factors of 1233704328.
2, 3, 409, 125683
What are the prime factors of 4486169506?
2, 7, 13, 71, 347173
List the prime factors of 1750408.
2, 11, 19891
What are the prime factors of 275320673?
293, 939661
What are the prime factors of 72487412?
2, 4243, 4271
What are the prime factors of 62183700?
2, 3, 5, 853
List the prime factors of 37585082.
2, 23, 31, 26357
List the prime factors of 14892168.
2, 3, 620507
List the prime factors of 5533753837.
197, 28090121
What are the prime factors of 140342240?
2, 5, 317, 2767
List the prime factors of 45918911.
307, 373, 401
What are the prime factors of 292733995?
5, 23, 2545513
What are the prime factors of 574486978?
2, 13, 31, 383, 1861
List the prime factors of 1051354643.
1051354643
What are the prime factors of 41578817?
7, 5939831
What are the prime factors of 1582017857?
7, 719, 314329
What are the prime factors of 80571204?
2, 3, 7, 319727
What are the prime factors of 295072442?
2, 7, 21076603
List the prime factors of 2781725709.
3, 7, 132463129
List the prime factors of 883604142.
2, 3, 1697, 28927
List the prime factors of 693199107.
3, 37, 149, 4657
What are the prime factors of 152996372?
2, 53, 593, 1217
What are the prime factors of 82013718?
2, 3, 1979, 6907
What are the prime factors of 183483255?
3, 5, 12232217
What are the prime factors of 2211747935?
5, 1249, 354163
What are the prime factors of 3649434700?
2, 5, 31, 1177237
What are the prime factors of 1036126529?
29, 35728501
What are the prime factors of 67378379?
67378379
What are the prime factors of 3830724886?
2, 17, 112668379
List the prime factors of 33691926.
2, 3, 17, 330313
List the prime factors of 17579022.
2, 3, 241, 12157
What are the prime factors of 1315840899?
3, 709, 618637
List the prime factors of 90754511.
107, 848173
What are the prime factors of 9272864?
2, 23, 43, 293
What are the prime factors of 21106276?
2, 263, 20063
What are the prime factors of 5301397211?
11, 41, 61, 131, 1471
List the prime factors of 18796563.
3, 97, 7177
List the prime factors of 157493833.
7, 41, 59, 71, 131
List the prime factors of 158079209.
17, 9298777
What are the prime factors of 130786060?
2, 5, 251, 26053
List the prime factors of 78516759.
3, 19, 1377487
List the prime factors of 75566704.
2, 4722919
What are the prime factors of 1816800103?
367, 4950409
List the prime factors of 6958833.
3, 7, 47339
What are the prime factors of 1778680761?
3, 11, 13, 37, 61, 167
What are the prime factors of 1774614636?
2, 3, 16431617
What are the prime factors of 2855248697?
7, 407892671
List the prime factors of 46393613.
7, 139, 47681
What are the prime factors of 572399114?
2, 7, 23, 41, 191, 227
List the prime factors of 6535035271.
61283, 106637
What are the prime factors of 1194343300?
2, 5, 11943433
List the prime factors of 319889871.
3, 7, 19, 229, 389
What are the prime factors of 2980083078?
2, 3, 7, 257, 13147
What are the prime factors of 27421902?
2, 3, 19, 59, 151
List the prime factors of 72202292.
2, 18050573
What are the prime factors of 6065961801?
3, 2021987267
List the prime factors of 185032698.
2, 3, 43, 509, 1409
What are the prime factors of 46377778?
2, 23188889
List the prime factors of 1111602626.
2, 555801313
List the prime factors of 4516543.
17, 379, 701
List the prime factors of 2519005090.
2, 5, 7, 17, 2116811
What are the prime factors of 8622560?
2, 5, 53891
List the prime factors of 1310452538.
2, 71, 9228539
List the prime factors of 99599607.
3, 281, 39383
List the prime factors of 66410915.
5, 71, 187073
What are the prime factors of 183840823?
3803, 48341
What are the prime factors of 1405546486?
2, 12907, 54449
List the prime factors of 78675763.
78675763
List the prime factors of 20877548.
2, 53, 98479
What are the prime factors of 284551761?
3, 13, 911, 8009
List the prime factors of 2173653242.
2, 79, 2473, 5563
What are the prime factors of 5096025?
3, 5, 11, 29, 71
What are the prime factors of 1802550703?
1802550703
List the prime factors of 44121782.
2, 22060891
List the prime factors of 205297532.
2, 11, 127, 36739
What are the prime factors of 540055372?
2, 53, 2547431
What are the prime factors of 25567936?
2, 399499
What are the prime factors of 56749095?
3, 5, 13, 97007
What are the prime factors of 1474631956?
2, 7, 47, 1120541
What are the prime factors of 45360591?
3, 181, 83537
What are the prime factors of 3499022550?
2, 3, 5, 29, 27737
List the prime factors of 1033024625.
5, 31, 266587
What are the prime factors of 19618880?
2, 5, 37, 1657
What are